{"id":7197,"date":"2021-12-20T10:52:39","date_gmt":"2021-12-20T09:52:39","guid":{"rendered":"http:\/\/rajmaluszka.cuwgm.pl\/?page_id=7197"},"modified":"2025-02-12T07:15:34","modified_gmt":"2025-02-12T06:15:34","slug":"rodo","status":"publish","type":"page","link":"https:\/\/rajmaluszka.maslow.pl\/index.php\/rodo\/","title":{"rendered":"RODO"},"content":{"rendered":"\n<p><strong>KLAUZULA INFORMACYJNA<\/strong><\/p>\n\n\n\n<p>Na podstawie art. 13 Rozporz\u0105dzenia Parlamentu Europejskiego i&nbsp;Rady (UE) 2016\/679 z&nbsp;dnia 27 kwietnia 2016 r. w&nbsp;sprawie ochrony os\u00f3b fizycznych w&nbsp;zwi\u0105zku z&nbsp;przetwarzaniem danych osobowych i&nbsp;w&nbsp;sprawie swobodnego przep\u0142ywu takich danych oraz uchylenia dyrektywy 95\/46\/WE (og\u00f3lne rozporz\u0105dzenie o&nbsp;ochronie danych), publ. Dz. Urz. UE L Nr 119, s. 1 informujemy, i\u017c:<\/p>\n\n\n\n<p>1) Administratorem Pani\/Pana danych osobowych jest \u017b\u0142obek Samorz\u0105dowy &#8211; Raj Maluszka ( adres Domaszowice 205A, 25-351 Kielce, tel. kontaktowy: 502-666-426).<\/p>\n\n\n\n<p>2) W&nbsp;sprawach z&nbsp;zakresu ochrony danych osobowych mog\u0105 Pa\u0144stwo kontaktowa\u0107 si\u0119<br>z Inspektorem Ochrony Danych pod adresem e-mail:&nbsp;<a href=\"mailto:inspektor@cbi24.pl\">inspektor@cbi24.pl<\/a>.<\/p>\n\n\n\n<p>3) Dane osobowe b\u0119d\u0105 przetwarzane w&nbsp;celu realizacji umowy cywilnoprawnej.<\/p>\n\n\n\n<p>4)Dane osobowe b\u0119d\u0105 przetwarzane przez okres niezb\u0119dny do realizacji ww. celu<br>z uwzgl\u0119dnieniem okres\u00f3w przechowywania okre\u015blonych w&nbsp;przepisach odr\u0119bnych, w&nbsp;tym przepis\u00f3w archiwalnych.<\/p>\n\n\n\n<p>5) Podstaw\u0105 prawn\u0105 przetwarzania danych jest art. 6 ust. 1 lit. b) ww. rozporz\u0105dzenia.<\/p>\n\n\n\n<p>6) Pani\/Pana danych b\u0119d\u0105 podmioty, kt\u00f3re na podstawie zawartych um\u00f3w przetwarzaj\u0105 dane osobowe w&nbsp;imieniu Administratora.<\/p>\n\n\n\n<p>Osoba, kt\u00f3rej dane dotycz\u0105 ma prawo do:<\/p>\n\n\n\n<p>-dost\u0119pu do tre\u015bci swoich danych oraz mo\u017cliwo\u015bci ich poprawiania, sprostowania, ograniczenia przetwarzania oraz do przenoszenia swoich danych, a&nbsp;tak\u017ce &#8211; w&nbsp;przypadkach przewidzianych prawem &#8211; prawo do usuni\u0119cia danych i&nbsp;prawo do wniesienia sprzeciwu wobec przetwarzania Pa\u0144stwa danych.<\/p>\n\n\n\n<p><a><\/a>&#8211; wniesienia skargi do organu nadzorczego w&nbsp;przypadku gdy przetwarzanie danych odbywa si\u0119<br>z&nbsp;naruszeniem przepis\u00f3w powy\u017cszego rozporz\u0105dzenia tj. Prezesa Ochrony Danych Osobowych, ul. Stawki 2, 00-193 Warszawa<\/p>\n\n\n\n<p>Podanie danych osobowych jest warunkiem zawarcia umowy cywilnoprawnej. Osoba, kt\u00f3rej dane dotycz\u0105 jest zobowi\u0105zana do ich podania. Konsekwencj\u0105 niepodania danych osobowych jest brak mo\u017cliwo\u015bci zawarcia umowy.<\/p>\n\n\n\n<p>Ponadto informujemy, i\u017c&nbsp;w&nbsp;zwi\u0105zku z&nbsp;przetwarzaniem Pani\/Pana danych osobowych nie podlega Pan\/Pani decyzjom, kt\u00f3re si\u0119 opieraj\u0105 wy\u0142\u0105cznie na zautomatyzowanym przetwarzaniu, w&nbsp;tym profilowaniu, o&nbsp;czym stanowi art. 22 og\u00f3lnego rozporz\u0105dzenia<br>o ochronie danych osobowych.<\/p>\n\n\n\n<p><strong>KLAUZULA INFORMACYJNA<\/strong><\/p>\n\n\n\n<p>Na podstawie art. 13 Rozporz\u0105dzenia Parlamentu Europejskiego i&nbsp;Rady (UE) 2016\/679 z&nbsp;dnia 27 kwietnia 2016 r. w&nbsp;sprawie ochrony os\u00f3b fizycznych w&nbsp;zwi\u0105zku z&nbsp;przetwarzaniem danych osobowych i&nbsp;w&nbsp;sprawie swobodnego przep\u0142ywu takich danych oraz uchylenia dyrektywy 95\/46\/WE (og\u00f3lne rozporz\u0105dzenie o&nbsp;ochronie danych), publ. Dz. Urz. UE L Nr 119, s. 1 informujemy, i\u017c:<\/p>\n\n\n\n<ol class=\"wp-block-list\">\n<li>Administratorem Pani\/Pana danych osobowych jest \u00a0\u017b\u0142obek Samorz\u0105dowy &#8211; Raj Maluszka ( adres Domaszowice 205A, 25-351 Kielce, tel. kontaktowy: 502-666-426).<\/li>\n\n\n\n<li>W sprawach z\u00a0zakresu ochrony danych osobowych mog\u0105 Pa\u0144stwo kontaktowa\u0107 si\u0119 z\u00a0Inspektorem Ochrony Danych pod adresem e-mail:\u00a0<a href=\"mailto:inspektor@cbi24.pl\">inspektor@cbi24.pl<\/a>.<\/li>\n<\/ol>\n\n\n\n<p>&#8222;W \u017b\u0142obku Samorz\u0105dowym RAJ MALUSZKA w\u00a0Domaszowicach powo\u0142any zosta\u0142 Inspektor Ochrony Danych: Katarzyna Gruszka, kontakt email:\u00a0<a href=\"mailto:inspektor@cbi24.pl\">inspektor@cbi24.pl<\/a>\u00a0&#8221;\u00a0&#8217;<\/p>\n\n\n\n<ol start=\"3\" class=\"wp-block-list\">\n<li>Dane osobowe b\u0119d\u0105 przetwarzane w\u00a0celu realizacji obowi\u0105zk\u00f3w prawnych ci\u0105\u017c\u0105cych na Administratorze.<\/li>\n\n\n\n<li>Dane osobowe b\u0119d\u0105 przetwarzane przez okres niezb\u0119dny do realizacji ww. celu z\u00a0uwzgl\u0119dnieniem okres\u00f3w przechowywania okre\u015blonych w\u00a0przepisach odr\u0119bnych, w\u00a0tym przepis\u00f3w archiwalnych.<\/li>\n\n\n\n<li>Podstaw\u0105 prawn\u0105 przetwarzania danych jest art. 6 ust. 1 lit. c) ww. Rozporz\u0105dzenia.<\/li>\n\n\n\n<li>Odbiorcami Pani\/Pana danych b\u0119d\u0105 podmioty, kt\u00f3re na podstawie zawartych um\u00f3w przetwarzaj\u0105 dane osobowe w\u00a0imieniu Administratora.<\/li>\n\n\n\n<li>Osoba, kt\u00f3rej dane dotycz\u0105 ma prawo do:<\/li>\n<\/ol>\n\n\n\n<p>&#8211; dost\u0119pu do tre\u015bci swoich danych oraz mo\u017cliwo\u015bci ich poprawiania, sprostowania, ograniczenia przetwarzania, a&nbsp;tak\u017ce &#8211; w&nbsp;przypadkach przewidzianych prawem &#8211; prawo do usuni\u0119cia danych i&nbsp;prawo do wniesienia sprzeciwu wobec przetwarzania Pa\u0144stwa danych.<\/p>\n\n\n\n<p><a><\/a>&#8211; wniesienia skargi do organu nadzorczego w&nbsp;przypadku gdy przetwarzanie danych odbywa si\u0119<br>z&nbsp;naruszeniem przepis\u00f3w powy\u017cszego rozporz\u0105dzenia tj. Prezesa Ochrony Danych Osobowych,<br>ul. Stawki 2, 00-193 Warszawa.<\/p>\n\n\n\n<p>Ponadto informujemy, i\u017c&nbsp;w&nbsp;zwi\u0105zku z&nbsp;przetwarzaniem Pani\/Pana danych osobowych nie podlega Pan\/Pani decyzjom, kt\u00f3re si\u0119 opieraj\u0105 wy\u0142\u0105cznie na zautomatyzowanym przetwarzaniu, w&nbsp;tym profilowaniu, o&nbsp;czym stanowi art. 22 og\u00f3lnego rozporz\u0105dzenia o&nbsp;ochronie danych osobowych.<\/p>\n","protected":false},"excerpt":{"rendered":"<p>KLAUZULA INFORMACYJNA Na podstawie art. 13 Rozporz\u0105dzenia Parlamentu Europejskiego i&nbsp;Rady (UE) 2016\/679 z&nbsp;dnia 27 kwietnia 2016 r. w&nbsp;sprawie ochrony os\u00f3b &hellip; <a href=\"https:\/\/rajmaluszka.maslow.pl\/index.php\/rodo\/\" class=\"more-link\"><span class=\"more-button\">Czytaj dalej<span class=\"screen-reader-text\">RODO<\/span><\/span><\/a><\/p>\n","protected":false},"author":1,"featured_media":0,"parent":0,"menu_order":0,"comment_status":"closed","ping_status":"closed","template":"","meta":{"footnotes":""},"class_list":["post-7197","page","type-page","status-publish","hentry"],"_links":{"self":[{"href":"https:\/\/rajmaluszka.maslow.pl\/index.php\/wp-json\/wp\/v2\/pages\/7197","targetHints":{"allow":["GET"]}}],"collection":[{"href":"https:\/\/rajmaluszka.maslow.pl\/index.php\/wp-json\/wp\/v2\/pages"}],"about":[{"href":"https:\/\/rajmaluszka.maslow.pl\/index.php\/wp-json\/wp\/v2\/types\/page"}],"author":[{"embeddable":true,"href":"https:\/\/rajmaluszka.maslow.pl\/index.php\/wp-json\/wp\/v2\/users\/1"}],"replies":[{"embeddable":true,"href":"https:\/\/rajmaluszka.maslow.pl\/index.php\/wp-json\/wp\/v2\/comments?post=7197"}],"version-history":[{"count":3,"href":"https:\/\/rajmaluszka.maslow.pl\/index.php\/wp-json\/wp\/v2\/pages\/7197\/revisions"}],"predecessor-version":[{"id":7706,"href":"https:\/\/rajmaluszka.maslow.pl\/index.php\/wp-json\/wp\/v2\/pages\/7197\/revisions\/7706"}],"wp:attachment":[{"href":"https:\/\/rajmaluszka.maslow.pl\/index.php\/wp-json\/wp\/v2\/media?parent=7197"}],"curies":[{"name":"wp","href":"https:\/\/api.w.org\/{rel}","templated":true}]}}