{"id":7194,"date":"2021-12-20T10:50:07","date_gmt":"2021-12-20T09:50:07","guid":{"rendered":"http:\/\/rajmaluszka.cuwgm.pl\/?page_id=7194"},"modified":"2026-01-16T18:09:04","modified_gmt":"2026-01-16T17:09:04","slug":"dokumenty-do-pobrania","status":"publish","type":"page","link":"https:\/\/rajmaluszka.maslow.pl\/index.php\/dokumenty-do-pobrania\/","title":{"rendered":"Dokumenty do pobrania"},"content":{"rendered":"<p>Druki rekrutacyjne dla rodzic\u00f3w:<\/p>\n<ul>\n<li><a href=\"https:\/\/rajmaluszka.maslow.pl\/wp-content\/uploads\/2026\/01\/2025-karta-zgloszenia-dz.-24Domaszowice.docx\" target=\"_blank\" rel=\"noopener\">Deklaracja zg\u0142oszenie dziecka do \u017c\u0142obka w Domaszowicach<\/a><\/li>\n<li><a href=\"https:\/\/rajmaluszka.maslow.pl\/wp-content\/uploads\/2026\/01\/Karta-zglosz.-Maslow-2.docx\" target=\"_blank\" rel=\"noopener\">Deklaracja zg\u0142oszenie dziecka do \u017c\u0142obka w Mas\u0142owie II<\/a><\/li>\n<li><a href=\"https:\/\/rajmaluszka.maslow.pl\/wp-content\/uploads\/2024\/04\/Zasady-rekrutacji-dzieci-do-zlobkaBIP.odt\">Zasady rekrutacji<\/a><\/li>\n<li><a href=\"http:\/\/rajmaluszka.cuwgm.pl\/wp-content\/uploads\/2022\/08\/zarz6-15-opl-za-pobyt.jpg\" target=\"_blank\" rel=\"noopener\">Zarz\u0105dzenie &#8211; nr konta bankowego<\/a><\/li>\n<li><a href=\"http:\/\/rajmaluszka.maslow.pl\/wp-content\/uploads\/2023\/03\/uchala-utworzenia-Zlobka-samorzadowego.pdf\">Statut \u017c\u0142obka<\/a><\/li>\n<li><a href=\"http:\/\/rajmaluszka.maslow.pl\/wp-content\/uploads\/2023\/03\/Uchwala-pobyt.pdf\">Uchwa\u0142a &#8211; op\u0142ata za \u017c\u0142obek<\/a><\/li>\n<\/ul>\n\n\n<ul class=\"wp-block-list\">\n<li>Instrukcja Bezpiecze\u0144stwa dotycz\u0105ca bezpiecznych i&nbsp;higienicznych warunk\u00f3w dzia\u0142ania \u017b\u0142obka oraz post\u0119powania w&nbsp;razie stwierdzenia przypadku podejrzenia zaka\u017cenia wirusem Covid-19 w&nbsp;\u017b\u0142obku Samorz\u0105dowym &#8222;Raj Maluszka&#8221; w&nbsp;Domaszowicach&nbsp;&nbsp;(<a href=\"http:\/\/www.rajmaluszka.maslow.pl\/asp\/pliki\/aktualnosci\/zarzadzenie_5_2020_instrukcj_bezpieczenstwacovid_dla__zlobka_.doc\">pobierz<\/a>)<\/li>\n<\/ul>\n\n\n\n<ul class=\"wp-block-list\">\n<li>Czym jest koronawirus &#8211; referat&nbsp;(<a href=\"http:\/\/www.rajmaluszka.maslow.pl\/asp\/pliki\/aktualnosci\/czym_jest_koronawirus-referat.pdf\">Zobacz\/ Pobierz<\/a>)<\/li>\n\n\n\n<li>&#8222;Koronawirus ksi\u0105\u017cka dla dzieci&#8221; &#8211;&nbsp;Elizabeth Jenner, Kate Wilson, Nia Roberts&nbsp;(<a href=\"http:\/\/www.rajmaluszka.maslow.pl\/asp\/pliki\/aktualnosci\/koronawirus-ksiazka-dla-dzieci-2404.pdf\">Zobacz\/ Pobierz<\/a>)<\/li>\n\n\n\n<li>O\u015bwiadczenia Covid&nbsp;(<a href=\"http:\/\/www.rajmaluszka.maslow.pl\/asp\/pliki\/aktualnosci\/oswiaczenia_covid.pdf\">Zobacz\/ Pobierz<\/a>)<\/li>\n<\/ul>\n\n\n\n<ul class=\"wp-block-list\">\n<li>Standardy Ochrony Ma\u0142oletnich przed krzywdzeniem w \u017b\u0142obku Samorz\u0105dowym \u201eRaj Maluszka\u201d w Domaszowicach <a href=\"https:\/\/rajmaluszka.maslow.pl\/wp-content\/uploads\/2024\/05\/Standardy-Ochrony-Maloletnich-przed-krzywdzeniem-w-Zlobku-Samorzadowym-\u201eRaj-Maluszka-w-Domaszowicach.pdf\" data-type=\"attachment\" data-id=\"7688\">(Zobacz\/Pobierz)<\/a><\/li>\n\n\n\n<li>Standardy Opieki Sprawowanej nad Dzie\u0107mi do lat 3 w \u017b\u0142obku Samorz\u0105dowym \u201eRaj Maluszka\u201d w Domaszowicach <a href=\"https:\/\/rajmaluszka.maslow.pl\/wp-content\/uploads\/2024\/05\/Standardy-Opieki-Sprawowanej-nad-Dziecmi-do-lat-3.pdf\" data-type=\"attachment\" data-id=\"7689\">(Zobacz\/Pobierz)<\/a><br><\/li>\n\n\n\n<li>Regulamin organizacyjny \u017b\u0142obka Raj Maluszka (doc) <a href=\"https:\/\/rajmaluszka.maslow.pl\/wp-content\/uploads\/2024\/10\/24-Regulamin-organizacyjny-Zlobka-Raj-Maluszka-gotowy.docx\" data-type=\"attachment\" data-id=\"7697\">(Zobacz\/Pobierz)<\/a><\/li>\n\n\n\n<li>Regulamin organizacyjny \u017b\u0142obka Raj Maluszka (pdf) <a href=\"https:\/\/rajmaluszka.maslow.pl\/wp-content\/uploads\/2024\/10\/24-Regulamin-organizacyjny-Zlobka-Raj-Maluszka-gotowy.pdf\" data-type=\"attachment\" data-id=\"7696\">(Zobacz\/Pobierz)<\/a><\/li>\n<\/ul>\n\n\n\n<p><\/p>\n","protected":false},"excerpt":{"rendered":"<p>Druki rekrutacyjne dla rodzic\u00f3w: Deklaracja zg\u0142oszenie dziecka do \u017c\u0142obka w Domaszowicach Deklaracja zg\u0142oszenie dziecka do \u017c\u0142obka w Mas\u0142owie II Zasady &hellip; <a href=\"https:\/\/rajmaluszka.maslow.pl\/index.php\/dokumenty-do-pobrania\/\" class=\"more-link\"><span class=\"more-button\">Czytaj dalej<span class=\"screen-reader-text\">Dokumenty do pobrania<\/span><\/span><\/a><\/p>\n","protected":false},"author":1,"featured_media":0,"parent":0,"menu_order":0,"comment_status":"closed","ping_status":"closed","template":"","meta":{"footnotes":""},"class_list":["post-7194","page","type-page","status-publish","hentry"],"_links":{"self":[{"href":"https:\/\/rajmaluszka.maslow.pl\/index.php\/wp-json\/wp\/v2\/pages\/7194","targetHints":{"allow":["GET"]}}],"collection":[{"href":"https:\/\/rajmaluszka.maslow.pl\/index.php\/wp-json\/wp\/v2\/pages"}],"about":[{"href":"https:\/\/rajmaluszka.maslow.pl\/index.php\/wp-json\/wp\/v2\/types\/page"}],"author":[{"embeddable":true,"href":"https:\/\/rajmaluszka.maslow.pl\/index.php\/wp-json\/wp\/v2\/users\/1"}],"replies":[{"embeddable":true,"href":"https:\/\/rajmaluszka.maslow.pl\/index.php\/wp-json\/wp\/v2\/comments?post=7194"}],"version-history":[{"count":29,"href":"https:\/\/rajmaluszka.maslow.pl\/index.php\/wp-json\/wp\/v2\/pages\/7194\/revisions"}],"predecessor-version":[{"id":7737,"href":"https:\/\/rajmaluszka.maslow.pl\/index.php\/wp-json\/wp\/v2\/pages\/7194\/revisions\/7737"}],"wp:attachment":[{"href":"https:\/\/rajmaluszka.maslow.pl\/index.php\/wp-json\/wp\/v2\/media?parent=7194"}],"curies":[{"name":"wp","href":"https:\/\/api.w.org\/{rel}","templated":true}]}}